f 64952.
2, 23, 353
What are the prime factors of 13998?
2, 3, 2333
List the prime factors of 521.
521
List the prime factors of 45145.
5, 9029
List the prime factors of 89754.
2, 3, 7, 2137
List the prime factors of 15059.
11, 37
What are the prime factors of 2554?
2, 1277
What are the prime factors of 40716?
2, 3, 13, 29
What are the prime factors of 15322?
2, 47, 163
List the prime factors of 7329.
3, 7, 349
List the prime factors of 11.
11
What are the prime factors of 28653?
3, 9551
What are the prime factors of 8040?
2, 3, 5, 67
What are the prime factors of 2765?
5, 7, 79
What are the prime factors of 1558?
2, 19, 41
What are the prime factors of 46869?
3, 17, 919
What are the prime factors of 28022?
2, 14011
What are the prime factors of 1353?
3, 11, 41
What are the prime factors of 3414?
2, 3, 569
List the prime factors of 55.
5, 11
List the prime factors of 20513.
73, 281
List the prime factors of 31669.
11, 2879
List the prime factors of 15721.
79, 199
What are the prime factors of 58525?
5, 2341
List the prime factors of 732.
2, 3, 61
What are the prime factors of 1254?
2, 3, 11, 19
List the prime factors of 16351.
83, 197
List the prime factors of 28857.
3, 9619
List the prime factors of 5105.
5, 1021
What are the prime factors of 530?
2, 5, 53
What are the prime factors of 2186?
2, 1093
List the prime factors of 3093.
3, 1031
What are the prime factors of 77277?
3, 25759
List the prime factors of 2385.
3, 5, 53
List the prime factors of 95197.
23, 4139
What are the prime factors of 8044?
2, 2011
What are the prime factors of 79811?
79811
What are the prime factors of 320?
2, 5
What are the prime factors of 15895?
5, 11, 17
List the prime factors of 1019.
1019
List the prime factors of 62354.
2, 31177
What are the prime factors of 2656?
2, 83
What are the prime factors of 86447?
137, 631
What are the prime factors of 2309?
2309
What are the prime factors of 26862?
2, 3, 11, 37
What are the prime factors of 70117?
70117
List the prime factors of 498.
2, 3, 83
What are the prime factors of 11439?
3, 31, 41
What are the prime factors of 1529?
11, 139
List the prime factors of 1132.
2, 283
List the prime factors of 98635.
5, 19727
List the prime factors of 2060.
2, 5, 103
What are the prime factors of 2137?
2137
List the prime factors of 77768.
2, 9721
List the prime factors of 421.
421
What are the prime factors of 8071?
7, 1153
List the prime factors of 1398.
2, 3, 233
What are the prime factors of 52275?
3, 5, 17, 41
List the prime factors of 14576.
2, 911
List the prime factors of 185.
5, 37
What are the prime factors of 1393?
7, 199
List the prime factors of 1017.
3, 113
List the prime factors of 1040.
2, 5, 13
List the prime factors of 2446.
2, 1223
What are the prime factors of 17656?
2, 2207
What are the prime factors of 5352?
2, 3, 223
List the prime factors of 833.
7, 17
List the prime factors of 9839.
9839
What are the prime factors of 34921?
47, 743
List the prime factors of 919.
919
What are the prime factors of 4494?
2, 3, 7, 107
What are the prime factors of 17474?
2, 8737
List the prime factors of 927.
3, 103
What are the prime factors of 4281?
3, 1427
List the prime factors of 8792.
2, 7, 157
What are the prime factors of 6914?
2, 3457
What are the prime factors of 1052?
2, 263
List the prime factors of 20198.
2, 10099
List the prime factors of 4550.
2, 5, 7, 13
List the prime factors of 34655.
5, 29, 239
List the prime factors of 21489.
3, 13, 19, 29
What are the prime factors of 1677?
3, 13, 43
What are the prime factors of 792?
2, 3, 11
List the prime factors of 12984.
2, 3, 541
List the prime factors of 16729.
16729
What are the prime factors of 9426?
2, 3, 1571
What are the prime factors of 544?
2, 17
List the prime factors of 55544.
2, 53, 131
What are the prime factors of 19842?
2, 3, 3307
What are the prime factors of 3059?
7, 19, 23
List the prime factors of 7159.
7159
What are the prime factors of 424?
2, 53
List the prime factors of 127.
127
List the prime factors of 110463.
3, 36821
What are the prime factors of 95133?
3, 19, 1669
What are the prime factors of 77823?
3, 8647
List the prime factors of 75184.
2, 37, 127
What are the prime factors of 3598?
2, 7, 257
What are the prime factors of 2682?
2, 3, 149
List the prime factors of 186.
2, 3, 31
What are the prime factors of 1435?
5, 7, 41
List the prime factors of 1064.
2, 7, 19
List the prime factors of 27082.
2, 11, 1231
List the prime factors of 66136.
2, 7, 1181
What are the prime factors of 23100?
2, 3, 5, 7, 11
What are the prime factors of 34385?
5, 13, 23
What are the prime factors of 10268?
2, 17, 151
List the prime factors of 6946.
2, 23, 151
What are the prime factors of 70606?
2, 43, 821
What are the prime factors of 2850?
2, 3, 5, 19
List the prime factors of 17387.
17387
What are the prime factors of 9287?
37, 251
What are the prime factors of 8764?
2, 7, 313
What are the prime factors of 6196?
2, 1549
List the prime factors of 43326.
2, 3, 29, 83
What are the prime factors of 1261?
13, 97
List the prime factors of 17333.
17333
List the prime factors of 892.
2, 223
What are the prime factors of 26793?
3, 13, 229
What are the prime factors of 3517?
3517
What are the prime factors of 76649?
76649
List the prime factors of 6766.
2, 17, 199
List the prime factors of 3438.
2, 3, 191
What are the prime factors of 90377?
7, 12911
What are the prime factors of 2425?
5, 97
List the prime factors of 99.
3, 11
List the prime factors of 4895.
5, 11, 89
What are the prime factors of 3356?
2, 839
What are the prime factors of 2189?
11, 199
What are the prime factors of 2894?
2, 1447
List the prime factors of 2440.
2, 5, 61
What are the prime factors of 1079?
13, 83
List the prime factors of 11623.
59, 197
List the prime factors of 34823.
97, 359
What are the prime factors of 2498?
2, 1249
List the prime factors of 259.
7, 37
List the prime factors of 1583.
1583
List the prime factors of 28528.
2, 1783
What are the prime factors of 5914?
2, 2957
List the prime factors of 1237.
1237
What are the prime factors of 3331?
3331
List the prime factors of 1247.
29, 43
List the prime factors of 278.
2, 139
What are the prime factors of 9245?
5, 43
What are the prime factors of 810?
2, 3, 5
What are the prime factors of 1144?
2, 11, 13
What are the prime factors of 1233?
3, 137
List the prime factors of 156.
2, 3, 13
What are the prime factors of 32192?
2, 503
What are the prime factors of 369?
3, 41
What are the prime factors of 8186?
2, 4093
What are the prime factors of 11860?
2, 5, 593
What are the prime factors of 408?
2, 3, 17
What are the prime factors of 767?
13, 59
What are the prime factors of 4484?
2, 19, 59
List the prime factors of 8255.
5, 13, 127
List the prime factors of 505.
5, 101
List the prime factors of 1122.
2, 3, 11, 17
What are the prime factors of 36595?
5, 13, 563
List the prime factors of 1033.
1033
What are the prime factors of 231?
3, 7, 11
What are the prime factors of 984?
2, 3, 41
What are the prime factors of 1245?
3, 5, 83
List the prime factors of 91.
7, 13
List the prime factors of 184.
2, 23
List the prime factors of 15214.
2, 7607
List the prime factors of 663.
3, 13, 17
What are the prime factors of 17431?
17431
What are the prime factors of 1749?
3, 11, 53
What are the prime factors of 13034?
2, 7, 19
List the prime factors of 367.
367
List the prime factors of 11472.
2, 3, 239
What are the prime factors of 25079?
31, 809
List the prime factors of 44024.
2, 5503
What are the prime factors of 5573?
5573
List the prime factors of 60117.
3, 29, 691
List the prime factors of 31218.
2, 3, 11, 43
What are the prime factors of 14492?
2, 3623
What are the prime factors of 77494?
2, 38747
What are the prime factors of 1068?
2, 3, 89
What are the prime factors of 7823?
7823
List the prime factors of 63274.
2, 17, 1861
What are the prime factors of 28713?
3, 17, 563
List the prime factors of 39326.
2, 7, 53
What are the prime factors of 3153?
3, 1051
What are the prime factors of 475?
5, 19
What are the prime factors of 102331?
31, 3301
What are the prime factors of 22263?
3, 41, 181
What are the prime factors of 35457?
3, 53, 223
List the prime factors of 1221.
3, 11, 37
List the prime factors of 35617.
35617
List the prime facto